{"id":6492,"date":"2025-01-28T15:20:58","date_gmt":"2025-01-28T18:20:58","guid":{"rendered":"https:\/\/ewerthonacademy.com\/?page_id=6492"},"modified":"2025-01-28T17:26:39","modified_gmt":"2025-01-28T20:26:39","slug":"faq","status":"publish","type":"page","link":"https:\/\/ewerthonacademy.com\/?page_id=6492","title":{"rendered":"FAQ"},"content":{"rendered":"[vc_row type=&#8221;full_width_content&#8221; full_screen_row_position=&#8221;middle&#8221; column_margin=&#8221;custom&#8221; column_margin_custom=&#8221;7vw&#8221; equal_height=&#8221;yes&#8221; content_placement=&#8221;middle&#8221; column_direction=&#8221;default&#8221; column_direction_tablet=&#8221;default&#8221; column_direction_phone=&#8221;default&#8221; bg_color=&#8221;#f8f8f8&#8243; scene_position=&#8221;center&#8221; top_padding=&#8221;3%&#8221; bottom_padding=&#8221;3%&#8221; left_padding_desktop=&#8221;7vw&#8221; constrain_group_2=&#8221;yes&#8221; right_padding_desktop=&#8221;7vw&#8221; text_color=&#8221;dark&#8221; text_align=&#8221;left&#8221; row_border_radius=&#8221;none&#8221; row_border_radius_applies=&#8221;bg&#8221; overflow=&#8221;visible&#8221; advanced_gradient_angle=&#8221;0&#8243; overlay_strength=&#8221;0.8&#8243; gradient_direction=&#8221;left_to_right&#8221; shape_divider_color=&#8221;#000000&#8243; shape_divider_position=&#8221;bottom&#8221; shape_divider_height=&#8221;99%&#8221; bg_image_animation=&#8221;none&#8221; shape_type=&#8221;straight_section&#8221; gradient_type=&#8221;default&#8221;][vc_column left_padding_desktop=&#8221;2vw&#8221; column_element_direction_desktop=&#8221;default&#8221; column_element_spacing=&#8221;default&#8221; desktop_text_alignment=&#8221;default&#8221; tablet_text_alignment=&#8221;default&#8221; phone_text_alignment=&#8221;default&#8221; background_color_opacity=&#8221;1&#8243; background_hover_color_opacity=&#8221;1&#8243; column_backdrop_filter=&#8221;none&#8221; column_shadow=&#8221;none&#8221; column_border_radius=&#8221;none&#8221; column_link_target=&#8221;_self&#8221; column_position=&#8221;default&#8221; advanced_gradient_angle=&#8221;0&#8243; gradient_direction=&#8221;left_to_right&#8221; overlay_strength=&#8221;0.3&#8243; width=&#8221;1\/2&#8243; tablet_width_inherit=&#8221;default&#8221; animation_type=&#8221;default&#8221; bg_image_animation=&#8221;none&#8221; border_type=&#8221;simple&#8221; column_border_width=&#8221;none&#8221; column_border_style=&#8221;solid&#8221; column_padding_type=&#8221;advanced&#8221; gradient_type=&#8221;default&#8221;][nectar_highlighted_text text_color=&#8221;#092f75&#8243; scribble_color=&#8221;#ffce59&#8243; style=&#8221;scribble&#8221; scribble_shape=&#8221;squiggle-underline-2&#8243; scribble_thickness=&#8221;thick&#8221; scribble_speed=&#8221;1.8s&#8221; scribble_easing=&#8221;ease_in_out&#8221; custom_font_size=&#8221;3vw&#8221; text_direction=&#8221;default&#8221;]\n<h1><em>FAQ<\/em> \u2013 D\u00favidas frequentes<\/h1>\n[\/nectar_highlighted_text][toggles style=&#8221;minimal_shadow&#8221; accordion=&#8221;true&#8221; accordion_starting_functionality=&#8221;closed&#8221; border_radius=&#8221;none&#8221;][toggle color=&#8221;Accent-Color&#8221; heading_tag=&#8221;h3&#8243; heading_tag_functionality=&#8221;default&#8221; title=&#8221;Tenho 2 filhos, o segundo tem desconto?&#8221;][vc_column_text css=&#8221;&#8221; text_direction=&#8221;default&#8221;]Sim, o segundo filho tem 15% de desconto na inscri\u00e7\u00e3o no Soccer Camp &#8211; Ewerthon Academy. Esse desconto n\u00e3o se estende \u00e0 hospedagem.[\/vc_column_text][\/toggle][toggle color=&#8221;Accent-Color&#8221; heading_tag=&#8221;h3&#8243; heading_tag_functionality=&#8221;default&#8221; title=&#8221;O que inclui na inscri\u00e7\u00e3o do Soocer Camp &#8211; Ewerthon Academy?&#8221;][vc_column_text css=&#8221;&#8221; text_direction=&#8221;default&#8221;]<strong>A inscri\u00e7\u00e3o inclui:<\/strong><\/p>\n<ul>\n<li>Treinamento t\u00e9cnico e t\u00e1tico com Ewerthon e outros ex-jogadores profissionais.<\/li>\n<li>Aulas pr\u00e1ticas e te\u00f3ricas.<\/li>\n<li>Material de treinamento (camiseta, shorts, meias e garrafa d&#8217;\u00e1gua).<\/li>\n<li>Certificado de participa\u00e7\u00e3o.<\/li>\n<li>Acesso a todas as atividades recreativas e esportivas do acampamento.<\/li>\n<\/ul>\n[\/vc_column_text][\/toggle][toggle color=&#8221;Accent-Color&#8221; heading_tag=&#8221;h3&#8243; heading_tag_functionality=&#8221;default&#8221; title=&#8221;Qual a faixa et\u00e1ria para participar do Soccer Camp?&#8221;][vc_column_text css=&#8221;&#8221; text_direction=&#8221;default&#8221;]O Soccer Camp \u00e9 destinado a crian\u00e7as e adolescentes de 7 a 16 anos.[\/vc_column_text][\/toggle][toggle color=&#8221;Accent-Color&#8221; heading_tag=&#8221;h3&#8243; heading_tag_functionality=&#8221;default&#8221; title=&#8221;Quais s\u00e3o os m\u00e9todos de pagamento aceitos?&#8221;][vc_column_text css=&#8221;&#8221; text_direction=&#8221;default&#8221;]Aceitamos pagamento via cart\u00e3o de cr\u00e9dito e pix. As taxas de parcelamento depende da op\u00e7\u00e3o escolhida.[\/vc_column_text][\/toggle][toggle color=&#8221;Accent-Color&#8221; heading_tag=&#8221;h3&#8243; heading_tag_functionality=&#8221;default&#8221; title=&#8221;Os pais podem assistir aos treinos?&#8221;][vc_column_text css=&#8221;&#8221; text_direction=&#8221;default&#8221;]\n<div class=\"faq1_question\" data-w-id=\"d2059d29-1ebd-9be8-1035-0f78a0edf72b\"><\/div>\n<div class=\"faq1_answer\">\n<div class=\"margin-bottom margin-small\">\n<p>Sim, os pais est\u00e3o bem-vindos para assistir aos treinos e acompanhar o desenvolvimento dos seus filhos.<\/p>\n<\/div>\n<\/div>\n[\/vc_column_text][\/toggle][toggle color=&#8221;Accent-Color&#8221; heading_tag=&#8221;h3&#8243; heading_tag_functionality=&#8221;default&#8221; title=&#8221;O que devo levar para o Soccer Camp?&#8221;][vc_column_text css=&#8221;&#8221; text_direction=&#8221;default&#8221;]Recomendamos que os participantes tragam chuteiras, t\u00eanis, roupas esportivas adicionais, protetor solar, itens de higiene pessoal e medicamentos de uso cont\u00ednuo (se necess\u00e1rio).[\/vc_column_text][\/toggle][toggle color=&#8221;Accent-Color&#8221; heading_tag=&#8221;h3&#8243; heading_tag_functionality=&#8221;default&#8221; title=&#8221;Como ser\u00e1 a alimenta\u00e7\u00e3o durante o evento?&#8221;][vc_column_text css=&#8221;&#8221; text_direction=&#8221;default&#8221;]A alimenta\u00e7\u00e3o ser\u00e1 fornecida pelo Oscar Inn Eco Resort e inclui caf\u00e9 da manh\u00e3, almo\u00e7o, jantar (pens\u00e3o completa). As refei\u00e7\u00f5es s\u00e3o balanceadas e preparadas para atender \u00e0s necessidades nutricionais dos jovens atletas.[\/vc_column_text][\/toggle][toggle color=&#8221;Accent-Color&#8221; heading_tag=&#8221;h3&#8243; heading_tag_functionality=&#8221;default&#8221; title=&#8221;Posso cancelar a inscri\u00e7\u00e3o?&#8221;][vc_column_text css=&#8221;&#8221; text_direction=&#8221;default&#8221;]Sim, voc\u00ea pode cancelar a inscri\u00e7\u00e3o. No entanto, h\u00e1 uma pol\u00edtica de reembolso que varia conforme a proximidade do evento. Caso essa situa\u00e7\u00e3o ocorra, entre em contato com o organizador do evento para informar a justificativa do cancelamento e o prazo de reembolso.[\/vc_column_text][\/toggle][\/toggles][\/vc_column][vc_column top_margin_tablet=&#8221;10%&#8221; column_element_direction_desktop=&#8221;default&#8221; column_element_spacing=&#8221;default&#8221; desktop_text_alignment=&#8221;default&#8221; tablet_text_alignment=&#8221;default&#8221; phone_text_alignment=&#8221;default&#8221; sticky_content=&#8221;true&#8221; sticky_content_functionality=&#8221;js&#8221; background_color_opacity=&#8221;1&#8243; background_hover_color_opacity=&#8221;1&#8243; background_image=&#8221;6433&#8243; background_image_position=&#8221;center center&#8221; background_image_stacking=&#8221;default&#8221; background_image_loading=&#8221;default&#8221; column_backdrop_filter=&#8221;none&#8221; column_shadow=&#8221;none&#8221; column_border_radius=&#8221;none&#8221; column_link_target=&#8221;_self&#8221; column_position=&#8221;default&#8221; advanced_gradient_angle=&#8221;0&#8243; gradient_direction=&#8221;left_to_right&#8221; overlay_strength=&#8221;0.3&#8243; width=&#8221;1\/2&#8243; tablet_width_inherit=&#8221;default&#8221; animation_type=&#8221;default&#8221; bg_image_animation=&#8221;none&#8221; border_type=&#8221;simple&#8221; column_border_width=&#8221;none&#8221; column_border_style=&#8221;solid&#8221; column_padding_type=&#8221;advanced&#8221; gradient_type=&#8221;default&#8221; offset=&#8221;vc_hidden-sm vc_hidden-xs&#8221;][\/vc_column][\/vc_row]\n","protected":false},"excerpt":{"rendered":"<p>[vc_row type=&#8221;full_width_content&#8221; full_screen_row_position=&#8221;middle&#8221; column_margin=&#8221;custom&#8221; column_margin_custom=&#8221;7vw&#8221; equal_height=&#8221;yes&#8221; content_placement=&#8221;middle&#8221; column_direction=&#8221;default&#8221; column_direction_tablet=&#8221;default&#8221; column_direction_phone=&#8221;default&#8221; bg_color=&#8221;#f8f8f8&#8243; scene_position=&#8221;center&#8221; top_padding=&#8221;3%&#8221; bottom_padding=&#8221;3%&#8221; left_padding_desktop=&#8221;7vw&#8221; constrain_group_2=&#8221;yes&#8221; right_padding_desktop=&#8221;7vw&#8221; text_color=&#8221;dark&#8221; text_align=&#8221;left&#8221; row_border_radius=&#8221;none&#8221; row_border_radius_applies=&#8221;bg&#8221; overflow=&#8221;visible&#8221; advanced_gradient_angle=&#8221;0&#8243; overlay_strength=&#8221;0.8&#8243; gradient_direction=&#8221;left_to_right&#8221; shape_divider_color=&#8221;#000000&#8243; shape_divider_position=&#8221;bottom&#8221; shape_divider_height=&#8221;99%&#8221; bg_image_animation=&#8221;none&#8221; shape_type=&#8221;straight_section&#8221;&#8230;<\/p>\n","protected":false},"author":1,"featured_media":0,"parent":0,"menu_order":0,"comment_status":"closed","ping_status":"closed","template":"","meta":{"footnotes":""},"yst_prominent_words":[],"class_list":["post-6492","page","type-page","status-publish"],"_links":{"self":[{"href":"https:\/\/ewerthonacademy.com\/index.php?rest_route=\/wp\/v2\/pages\/6492","targetHints":{"allow":["GET"]}}],"collection":[{"href":"https:\/\/ewerthonacademy.com\/index.php?rest_route=\/wp\/v2\/pages"}],"about":[{"href":"https:\/\/ewerthonacademy.com\/index.php?rest_route=\/wp\/v2\/types\/page"}],"author":[{"embeddable":true,"href":"https:\/\/ewerthonacademy.com\/index.php?rest_route=\/wp\/v2\/users\/1"}],"replies":[{"embeddable":true,"href":"https:\/\/ewerthonacademy.com\/index.php?rest_route=%2Fwp%2Fv2%2Fcomments&post=6492"}],"version-history":[{"count":12,"href":"https:\/\/ewerthonacademy.com\/index.php?rest_route=\/wp\/v2\/pages\/6492\/revisions"}],"predecessor-version":[{"id":6518,"href":"https:\/\/ewerthonacademy.com\/index.php?rest_route=\/wp\/v2\/pages\/6492\/revisions\/6518"}],"wp:attachment":[{"href":"https:\/\/ewerthonacademy.com\/index.php?rest_route=%2Fwp%2Fv2%2Fmedia&parent=6492"}],"wp:term":[{"taxonomy":"yst_prominent_words","embeddable":true,"href":"https:\/\/ewerthonacademy.com\/index.php?rest_route=%2Fwp%2Fv2%2Fyst_prominent_words&post=6492"}],"curies":[{"name":"wp","href":"https:\/\/api.w.org\/{rel}","templated":true}]}}